{"id":28,"date":"2016-04-18T15:25:52","date_gmt":"2016-04-18T15:25:52","guid":{"rendered":"http:\/\/euskalinnova.com\/?page_id=28"},"modified":"2024-06-24T14:23:13","modified_gmt":"2024-06-24T14:23:13","slug":"reformas","status":"publish","type":"page","link":"https:\/\/euskalinnova.com\/index.php\/reformas\/","title":{"rendered":"Reformas"},"content":{"rendered":"<p><a href=\"http:\/\/euskalinnova.com\/wp-content\/uploads\/2016\/04\/reformas.png\"><img loading=\"lazy\" decoding=\"async\" class=\"alignnone size-full wp-image-106\" src=\"http:\/\/euskalinnova.com\/wp-content\/uploads\/2016\/04\/reformas.png\" alt=\"reformas\" width=\"1050\" height=\"200\" srcset=\"https:\/\/euskalinnova.com\/wp-content\/uploads\/2016\/04\/reformas.png 1050w, https:\/\/euskalinnova.com\/wp-content\/uploads\/2016\/04\/reformas-300x57.png 300w, https:\/\/euskalinnova.com\/wp-content\/uploads\/2016\/04\/reformas-768x146.png 768w, https:\/\/euskalinnova.com\/wp-content\/uploads\/2016\/04\/reformas-1024x195.png 1024w, https:\/\/euskalinnova.com\/wp-content\/uploads\/2016\/04\/reformas-250x48.png 250w, https:\/\/euskalinnova.com\/wp-content\/uploads\/2016\/04\/reformas-150x29.png 150w\" sizes=\"(max-width: 1050px) 100vw, 1050px\" \/><\/a><\/p>\n\n\n<p><\/p>\n\n\n\n<p>Realizamos reformas integrales para transformar su espacio seg\u00fan sus necesidades y gustos.<\/p>\n\n\n\n<p>Desde la planificaci\u00f3n hasta la ejecuci\u00f3n, nos encargamos de cada detalle, incluyendo la mejora de sistemas de calefacci\u00f3n, fontaner\u00eda y climatizaci\u00f3n.<\/p>\n\n\n\n<p>Nuestro equipo de profesionales asegura que cada proyecto se realice con los m\u00e1s altos est\u00e1ndares de calidad, brindando resultados que superan sus expectativas.<\/p>\n","protected":false},"excerpt":{"rendered":"<p>Realizamos reformas integrales para transformar su espacio seg\u00fan sus necesidades y gustos. Desde la planificaci\u00f3n hasta la ejecuci\u00f3n, nos encargamos de cada detalle, incluyendo la mejora de sistemas de calefacci\u00f3n, fontaner\u00eda y climatizaci\u00f3n. Nuestro equipo de profesionales asegura que cada proyecto se realice con los m\u00e1s altos est\u00e1ndares de calidad, \u2026 <a class=\"continue-reading-link\" href=\"https:\/\/euskalinnova.com\/index.php\/reformas\/\"> Continue reading <span class=\"meta-nav\">&rarr; <\/span><\/a><\/p>\n","protected":false},"author":1,"featured_media":0,"parent":0,"menu_order":0,"comment_status":"closed","ping_status":"closed","template":"","meta":{"footnotes":""},"aioseo_notices":[],"_links":{"self":[{"href":"https:\/\/euskalinnova.com\/index.php\/wp-json\/wp\/v2\/pages\/28"}],"collection":[{"href":"https:\/\/euskalinnova.com\/index.php\/wp-json\/wp\/v2\/pages"}],"about":[{"href":"https:\/\/euskalinnova.com\/index.php\/wp-json\/wp\/v2\/types\/page"}],"author":[{"embeddable":true,"href":"https:\/\/euskalinnova.com\/index.php\/wp-json\/wp\/v2\/users\/1"}],"replies":[{"embeddable":true,"href":"https:\/\/euskalinnova.com\/index.php\/wp-json\/wp\/v2\/comments?post=28"}],"version-history":[{"count":3,"href":"https:\/\/euskalinnova.com\/index.php\/wp-json\/wp\/v2\/pages\/28\/revisions"}],"predecessor-version":[{"id":119,"href":"https:\/\/euskalinnova.com\/index.php\/wp-json\/wp\/v2\/pages\/28\/revisions\/119"}],"wp:attachment":[{"href":"https:\/\/euskalinnova.com\/index.php\/wp-json\/wp\/v2\/media?parent=28"}],"curies":[{"name":"wp","href":"https:\/\/api.w.org\/{rel}","templated":true}]}}