{"id":26,"date":"2016-04-18T15:25:24","date_gmt":"2016-04-18T15:25:24","guid":{"rendered":"http:\/\/euskalinnova.com\/?page_id=26"},"modified":"2024-06-24T14:21:13","modified_gmt":"2024-06-24T14:21:13","slug":"energia-solar","status":"publish","type":"page","link":"https:\/\/euskalinnova.com\/index.php\/energia-solar\/","title":{"rendered":"Energ\u00eda solar"},"content":{"rendered":"<p><a href=\"http:\/\/euskalinnova.com\/wp-content\/uploads\/2016\/04\/EnergiaSolar2.png\"><img loading=\"lazy\" decoding=\"async\" class=\"alignnone size-full wp-image-68\" src=\"http:\/\/euskalinnova.com\/wp-content\/uploads\/2016\/04\/EnergiaSolar2.png\" alt=\"EnergiaSolar2\" width=\"1048\" height=\"198\" srcset=\"https:\/\/euskalinnova.com\/wp-content\/uploads\/2016\/04\/EnergiaSolar2.png 1048w, https:\/\/euskalinnova.com\/wp-content\/uploads\/2016\/04\/EnergiaSolar2-300x57.png 300w, https:\/\/euskalinnova.com\/wp-content\/uploads\/2016\/04\/EnergiaSolar2-768x145.png 768w, https:\/\/euskalinnova.com\/wp-content\/uploads\/2016\/04\/EnergiaSolar2-1024x193.png 1024w, https:\/\/euskalinnova.com\/wp-content\/uploads\/2016\/04\/EnergiaSolar2-250x47.png 250w, https:\/\/euskalinnova.com\/wp-content\/uploads\/2016\/04\/EnergiaSolar2-150x28.png 150w\" sizes=\"(max-width: 1048px) 100vw, 1048px\" \/><\/a><\/p>\n\n\n<p><\/p>\n\n\n\n<p>Aproveche el poder del sol con nuestros sistemas de energ\u00eda solar. Dise\u00f1amos e instalamos paneles solares y sistemas fotovoltaicos que permiten reducir su factura energ\u00e9tica y su huella de carbono. Nuestros expertos le ayudar\u00e1n a elegir la soluci\u00f3n solar m\u00e1s adecuada para su hogar o negocio, garantizando una instalaci\u00f3n eficiente y un rendimiento \u00f3ptimo durante muchos a\u00f1os.<\/p>\n","protected":false},"excerpt":{"rendered":"<p>Aproveche el poder del sol con nuestros sistemas de energ\u00eda solar. Dise\u00f1amos e instalamos paneles solares y sistemas fotovoltaicos que permiten reducir su factura energ\u00e9tica y su huella de carbono. Nuestros expertos le ayudar\u00e1n a elegir la soluci\u00f3n solar m\u00e1s adecuada para su hogar o negocio, garantizando una instalaci\u00f3n eficiente \u2026 <a class=\"continue-reading-link\" href=\"https:\/\/euskalinnova.com\/index.php\/energia-solar\/\"> Continue reading <span class=\"meta-nav\">&rarr; <\/span><\/a><\/p>\n","protected":false},"author":1,"featured_media":0,"parent":0,"menu_order":0,"comment_status":"closed","ping_status":"closed","template":"","meta":{"footnotes":""},"aioseo_notices":[],"_links":{"self":[{"href":"https:\/\/euskalinnova.com\/index.php\/wp-json\/wp\/v2\/pages\/26"}],"collection":[{"href":"https:\/\/euskalinnova.com\/index.php\/wp-json\/wp\/v2\/pages"}],"about":[{"href":"https:\/\/euskalinnova.com\/index.php\/wp-json\/wp\/v2\/types\/page"}],"author":[{"embeddable":true,"href":"https:\/\/euskalinnova.com\/index.php\/wp-json\/wp\/v2\/users\/1"}],"replies":[{"embeddable":true,"href":"https:\/\/euskalinnova.com\/index.php\/wp-json\/wp\/v2\/comments?post=26"}],"version-history":[{"count":3,"href":"https:\/\/euskalinnova.com\/index.php\/wp-json\/wp\/v2\/pages\/26\/revisions"}],"predecessor-version":[{"id":117,"href":"https:\/\/euskalinnova.com\/index.php\/wp-json\/wp\/v2\/pages\/26\/revisions\/117"}],"wp:attachment":[{"href":"https:\/\/euskalinnova.com\/index.php\/wp-json\/wp\/v2\/media?parent=26"}],"curies":[{"name":"wp","href":"https:\/\/api.w.org\/{rel}","templated":true}]}}